False
Is 54 a factor of 7080264?
True
Does 79 divide 1225211?
True
Is 189331 a multiple of 247?
False
Is 319 a factor of 251691?
True
Is 169 a factor of 2313857?
False
Is 19856 a multiple of 33?
False
Is 7 a factor of 768523?
True
Is 742924 a multiple of 13?
True
Is 122116 a multiple of 601?
False
Is 193103 a multiple of 6?
False
Does 186 divide 74028?
True
Does 21 divide 101283?
True
Is 242 a factor of 592416?
True
Is 48 a factor of 119184?
True
Is 1235436 a multiple of 86?
False
Is 177 a factor of 5340798?
True
Is 277965 a multiple of 435?
True
Does 16 divide 42813563?
False
Is 157188 a multiple of 4?
True
Is 8 a factor of 117527?
False
Is 21 a factor of 94815?
True
Is 73542 a multiple of 20?
False
Is 98 a factor of 165914?
True
Is 12 a factor of 1826148?
True
Is 915 a factor of 876570?
True
Is 189 a factor of 392175?
True
Is 240 a factor of 714960?
True
Is 717511 a multiple of 575?
False
Does 202 divide 3032259?
False
Is 48 a factor of 69072?
True
Does 16 divide 44805?
False
Is 1912540 a multiple of 7?
True
Is 179968 a multiple of 76?
True
Is 145644 a multiple of 101?
False
Is 15 a factor of 47158908?
False
Is 82653 a multiple of 44?
False
Does 373 divide 5362621?
True
Is 104 a factor of 391456?
True
Is 17 a factor of 413450?
False
Does 5 divide 2196555?
True
Is 12915 a multiple of 9?
True
Is 2796152 a multiple of 179?
False
Is 60432 a multiple of 92?
False
Is 53560 a multiple of 8?
True
Is 5 a factor of 13025?
True
Is 730211 a multiple of 131?
False
Is 84 a factor of 9159?
False
Is 45 a factor of 7578585?
True
Does 4 divide 937672?
True
Is 25270 a multiple of 722?
True
Does 14 divide 1730?
False
Is 3014689 a multiple of 20?
False
Is 92974 a multiple of 14?
True
Does 306 divide 107467?
False
Does 209 divide 1164757?
True
Is 44906 a multiple of 241?
False
Does 16 divide 439331?
False
Is 134766 a multiple of 3?
True
Does 79 divide 280383?
False
Is 20 a factor of 1374660?
True
Is 66 a factor of 621126?
True
Is 57078 a multiple of 189?
True
Is 1471 a factor of 2396259?
True
Is 529 a factor of 9351133?
True
Does 951 divide 4019753?
False
Does 23 divide 18852042?
True
Is 9 a factor of 339579?
True
Does 19 divide 478887?
False
Does 38 divide 6019994?
False
Does 127 divide 148082?
True
Does 172 divide 2442572?
True
Does 25 divide 950600?
True
Is 11 a factor of 28127?
True
Does 26 divide 17810?
True
Does 86 divide 117213?
False
Does 35 divide 1212622?
False
Does 21 divide 22532?
False
Does 135 divide 54343?
False
Is 4 a factor of 837564?
True
Is 1276250 a multiple of 261?
False
Is 30 a factor of 1037250?
True
Is 60 a factor of 61800?
True
Does 17 divide 117351?
True
Does 8 divide 113264?
True
Is 64 a factor of 508350?
False
Is 11102 a multiple of 46?
False
Is 135555 a multiple of 17?
False
Is 394240 a multiple of 112?
True
Does 22 divide 80938?
True
Is 7747998 a multiple of 35?
False
Is 29 a factor of 86246?
True
Is 28 a factor of 22588102?
False
Is 30 a factor of 1689824?
False
Does 80 divide 318163?
False
Is 92517 a multiple of 4?
False
Is 10934 a multiple of 7?
True
Is 9 a factor of 203844?
False
Is 27 a factor of 3498309?
True
Is 22 a factor of 100033?
False
Is 69 a factor of 62928?
True
Does 307 divide 397258?
True
Does 44 divide 31519?
False
Is 64 a factor of 241728?
True
Is 10 a factor of 142920?
True
Does 402 divide 2146680?
True
Does 735 divide 132300?
True
Is 19822 a multiple of 52?
False
Is 10768384 a multiple of 64?
True
Is 424687 a multiple of 635?
False
Is 36 a factor of 592236?
True
Is 133079 a multiple of 364?
False
Is 9 a factor of 32391?
True
Does 112 divide 28448?
True
Is 2263808 a multiple of 478?
True
Is 99765 a multiple of 59?
False
Is 250 a factor of 799250?
True
Does 318 divide 122763?
False
Does 83 divide 71471?
False
Is 2320899 a multiple of 3?
True
Is 650926 even?
True
Is 559993 a multiple of 12?
False
Is 2 a factor of 144807?
False
Is 7239568 a multiple of 296?
True
Is 35777 a multiple of 121?
False
Does 137 divide 107819?
True
Is 32 a factor of 507283?
False
Does 27 divide 172665?
True
Is 499961 a multiple of 11?
True
Does 61 divide 98332?
True
Is 201950 a multiple of 350?
True
Does 5 divide 8871?
False
Is 202680 a multiple of 3?
True
Does 487 divide 2272246?
False
Does 136 divide 7494918?
False
Does 290 divide 1781927?
False
Does 38 divide 744496?
True
Does 142 divide 9184877?
False
Is 111 a factor of 879989?
False
Is 19963154 a multiple of 393?
False
Does 50 divide 75869?
False
Is 14 a factor of 14270666?
False
Is 294175 a multiple of 35?
True
Does 311 divide 681712?
True
Does 1113 divide 6407762?
False
Is 4 a factor of 69508?
True
Is 49 a factor of 78004?
False
Is 89408 a multiple of 18?
False
Does 47 divide 40467?
True
Does 39 divide 149370?
True
Is 8133252 a multiple of 164?
True
Is 116 a factor of 504054?
False
Is 31 a factor of 391327?
False
Does 51 divide 1264428?
False
Is 15 a factor of 207825?
True
Is 327017 a multiple of 91?
False
Is 22094 a multiple of 2?
True
Does 14 divide 2072574?
True
Is 283169 a multiple of 200?
False
Does 3 divide 277265?
False
Is 268312 a multiple of 326?
False
Does 11 divide 46618?
True
Does 104 divide 2878824?
True
Is 33 a factor of 3492093?
True
Does 31 divide 276671?
False
Does 39 divide 1329854?
False
Is 109480 a multiple of 28?
True
Is 338034 a multiple of 53?
True
Is 175916 a multiple of 52?
True
Does 73 divide 11551179?
False
Does 116 divide 72975?
False
Is 300 a factor of 2387322?
False
Is 189 a factor of 847436?
False
Is 7600 a multiple of 2?
True
Does 78 divide 2060136?
True
Does 87 divide 86591?
False
Is 13655697 a multiple of 53?
False
Does 8 divide 17078816?
True
Is 11 a factor of 11748?
True
Is 56 a factor of 37915?
False
Is 2269004 a multiple of 30?
False
Is 58 a factor of 195518?
True
Is 64 a factor of 2222025?
False
Does 637 divide 642698?
False
Is 83076 a multiple of 43?
True
Does 95 divide 396687?
False
Does 25 divide 4670?
False
Is 515396 a multiple of 553?
True
Is 222806 a multiple of 4?
False
Does 30 divide 204990?
True
Does 320 divide 302080?
True
Is 21 a factor of 16035156?
False
Does 19 divide 403981?
False
Is 15529288 a multiple of 307?
True
Is 213 a factor of 4717524?
True
Is 3 a factor of 453109?
False
Is 94 a factor of 17030036?
False
Is 7 a factor of 3824718?
False
Does 8 divide 13339?
False
Is 780925 a multiple of 2?
False
Is 651768 a multiple of 52?
True
Does 444 divide 2040296?
False
Is 2812027 a multiple of 157?
True
Is 32035 a multiple of 12?
False
Is 3 a factor of 21869?
False
Is 306 a factor of 38556?
True
Is 206150 a multiple of 18?
False
Is 2314649 a multiple of 193?
True
Does 4 divide 210566?
False
Is 4 a factor of 12696?
True
Is 80287 a multiple of 11?
False
Does 258 divide 1386750?
True
Is 67 a factor of 29011?
True
Is 91421 a multiple of 354?
False
Does 334 divide 18855106?
False
Does 126 divide 1292239?
False
Is 141 a factor of 21156?
False
Is 212 a factor of 18913943?
False
Does 19 divide 73644?
True
Is 91971 a multiple of 236?
False
Is 49537 a multiple of 6?
False
Is 135642 a multiple of 13?
True
Does 3 divide 17016?
True
Is 418722 a multiple of 6?
True
Is 14 a factor of 1347402?
True
Is 481 a factor of 3361709?
True
Does 15 divide 241623?
False
Does 11 divide 18666549?
True
Is 296 a factor of 115047?
False
Does 11 divide 328471?
True
Is 7584555 a multiple of 16?
False
Is 2005634 a multiple of 227?
False
Does 27 divide 893484?
True
Is 38 a factor of 313310?
True
Does 17 divide 99518?
True
Does 103 divide 1050444?
False
Does 23 divide 1140984?
True
Is 7284728 a multiple of 22?
True
Is 2359 a factor of 2359000?
True
Does 34 divide 1991267?
False
Is 18 a factor of 124308?
True
Does 174 divide 29419?
False
Is 30379791 a multiple of 377?
True
Is 387 a factor of 2847546?
True
Does 523 divide 900489?
False
Is 64 a factor of 17521984?
True
Does 160 divide 697811?
False
Is 5991046 a multiple of 673?
True
Is 42874 a multiple of 13?
True
Does 7 divide 42210?
True
Is 2508471 a multiple of 63?
True
Does 536 divide 194670?
False
Is 29953638 a multiple of 117?
True
Is 1143660 a multiple of 490?
True
Does 129 divide 218258?
False
Is 1850980 a multiple of 95?
True
Is 8 a factor of 254901?
False
Is 411 a factor of 705534?
False
Is 7 a factor of 155752?
False
Is 29 a factor of 16983096?
True
Is 14 a factor of 8277?
False
Does 107 divide 5381565?
True
Do